{"id":20,"date":"2023-05-02T09:30:23","date_gmt":"2023-05-02T07:30:23","guid":{"rendered":"http:\/\/gite-cabrerets.com\/?page_id=20"},"modified":"2023-05-11T17:07:19","modified_gmt":"2023-05-11T15:07:19","slug":"en-savoir-plus-sur-cabrerets","status":"publish","type":"page","link":"https:\/\/gite-cabrerets.com\/?page_id=20","title":{"rendered":"En savoir plus sur Cabrerets"},"content":{"rendered":"\n<p>Entre Figeac et Cahors, dans la vall\u00e9e du C\u00e9l\u00e9, tout pr\u00e8s du confluent du C\u00e9l\u00e9 et du Lot, CABRERETS est un charmant village du Quercy o\u00f9 il fait bon venir se d\u00e9tendre, se reposer, se ressourcer, faire provision d&rsquo;un air pur et d&rsquo;un ciel \u00e9toil\u00e9, profiter de la petite plage au pied du Ch\u00e2teau, et se d\u00e9lecter des produits locaux du Sud-Ouest&nbsp;: magrets, confits, oie, canard, agneau et sanglier &#8230;<\/p>\n\n\n\n<p>Et d&rsquo;abord visiter les grottes du Pech-Merle, avec les c\u00e9l\u00e8bres peintures pr\u00e9historiques&nbsp;: les \u00ab&nbsp;Chevaux du Pech-Merle&nbsp;\u00bb, fresques murales de 26 \u00e0 29 000 ans&nbsp;!<\/p>\n","protected":false},"excerpt":{"rendered":"<p>Entre Figeac et Cahors, dans la vall\u00e9e du C\u00e9l\u00e9, tout pr\u00e8s du confluent du C\u00e9l\u00e9 et du Lot, CABRERETS est un charmant village du Quercy o\u00f9 il fait bon venir se d\u00e9tendre, se reposer, se ressourcer, faire provision d&rsquo;un air pur et d&rsquo;un ciel \u00e9toil\u00e9, profiter de la petite plage au pied du Ch\u00e2teau, et&hellip; <a class=\"more-link\" href=\"https:\/\/gite-cabrerets.com\/?page_id=20\">Poursuivre la lecture <span class=\"screen-reader-text\">En savoir plus sur Cabrerets<\/span><\/a><\/p>\n","protected":false},"author":1,"featured_media":0,"parent":0,"menu_order":0,"comment_status":"closed","ping_status":"closed","template":"","meta":{"footnotes":""},"class_list":["post-20","page","type-page","status-publish","hentry","entry"],"_links":{"self":[{"href":"https:\/\/gite-cabrerets.com\/index.php?rest_route=\/wp\/v2\/pages\/20","targetHints":{"allow":["GET"]}}],"collection":[{"href":"https:\/\/gite-cabrerets.com\/index.php?rest_route=\/wp\/v2\/pages"}],"about":[{"href":"https:\/\/gite-cabrerets.com\/index.php?rest_route=\/wp\/v2\/types\/page"}],"author":[{"embeddable":true,"href":"https:\/\/gite-cabrerets.com\/index.php?rest_route=\/wp\/v2\/users\/1"}],"replies":[{"embeddable":true,"href":"https:\/\/gite-cabrerets.com\/index.php?rest_route=%2Fwp%2Fv2%2Fcomments&post=20"}],"version-history":[{"count":3,"href":"https:\/\/gite-cabrerets.com\/index.php?rest_route=\/wp\/v2\/pages\/20\/revisions"}],"predecessor-version":[{"id":148,"href":"https:\/\/gite-cabrerets.com\/index.php?rest_route=\/wp\/v2\/pages\/20\/revisions\/148"}],"wp:attachment":[{"href":"https:\/\/gite-cabrerets.com\/index.php?rest_route=%2Fwp%2Fv2%2Fmedia&parent=20"}],"curies":[{"name":"wp","href":"https:\/\/api.w.org\/{rel}","templated":true}]}}